
Calculate the remainder when 13045 is divided by 174.
169
What is the remainder when 1552 is divided by 499?
55
What is the remainder when 376 is divided by 20?
16
Calculate the remainder when 114 is divided by 23.
22
Calculate the remainder when 29 is divided by 17.
12
Calculate the remainder when 666 is divided by 27.
18
What is the remainder when 58 is divided by 22?
14
Calculate the remainder when 13318 is divided by 28.
18
What is the remainder when 456 is divided by 20?
16
What is the remainder when 10866 is divided by 59?
10
Calculate the remainder when 833 is divided by 38.
35
Calculate the remainder when 104 is divided by 50.
4
What is the remainder when 305 is divided by 52?
45
What is the remainder when 203 is divided by 62?
17
Calculate the remainder when 179 is divided by 10.
9
Calculate the remainder when 10550 is divided by 14.
8
What is the remainder when 32154 is divided by 295?
294
What is the remainder when 2752 is divided by 197?
191
Calculate the remainder when 284 is divided by 74.
62
What is the remainder when 183 is divided by 47?
42
Calculate the remainder when 122 is divided by 31.
29
What is the remainder when 271 is divided by 34?
33
Calculate the remainder when 48 is divided by 9.
3
Calculate the remainder when 1859 is divided by 15.
14
What is the remainder when 334 is divided by 30?
4
Calculate the remainder when 6298 is divided by 100.
98
What is the remainder when 3288 is divided by 13?
12
Calculate the remainder when 438 is divided by 145.
3
Calculate the remainder when 2206 is divided by 79.
73
Calculate the remainder when 48177 is divided by 17.
16
Calculate the remainder when 244 is divided by 49.
48
What is the remainder when 377 is divided by 19?
16
Calculate the remainder when 219 is divided by 217.
2
What is the remainder when 1020 is divided by 63?
12
Calculate the remainder when 439 is divided by 111.
106
What is the remainder when 635 is divided by 16?
11
Calculate the remainder when 416 is divided by 10.
6
What is the remainder when 1250 is divided by 86?
46
What is the remainder when 208 is divided by 43?
36
What is the remainder when 54 is divided by 23?
8
Calculate the remainder when 4506 is divided by 2238.
30
Calculate the remainder when 107 is divided by 8.
3
What is the remainder when 602 is divided by 31?
13
Calculate the remainder when 511 is divided by 54.
25
Calculate the remainder when 23243 is divided by 78.
77
Calculate the remainder when 11857 is divided by 77.
76
Calculate the remainder when 87 is divided by 19.
11
Calculate the remainder when 5654 is divided by 14.
12
What is the remainder when 32 is divided by 6?
2
What is the remainder when 862 is divided by 14?
8
Calculate the remainder when 164 is divided by 15.
14
What is the remainder when 2472 is divided by 33?
30
Calculate the remainder when 7390 is divided by 2462.
4
Calculate the remainder when 14 is divided by 10.
4
What is the remainder when 688 is divided by 114?
4
What is the remainder when 168 is divided by 57?
54
Calculate the remainder when 367 is divided by 37.
34
Calculate the remainder when 81 is divided by 2.
1
What is the remainder when 8491 is divided by 29?
23
What is the remainder when 502 is divided by 305?
197
Calculate the remainder when 64 is divided by 9.
1
Calculate the remainder when 276 is divided by 97.
82
Calculate the remainder when 1696 is divided by 27.
22
Calculate the remainder when 1744 is divided by 194.
192
Calculate the remainder when 1124 is divided by 210.
74
What is the remainder when 1705 is divided by 28?
25
What is the remainder when 300 is divided by 17?
11
Calculate the remainder when 123 is divided by 58.
7
What is the remainder when 338 is divided by 121?
96
Calculate the remainder when 170 is divided by 55.
5
What is the remainder when 549 is divided by 25?
24
What is the remainder when 280 is divided by 277?
3
Calculate the remainder when 48 is divided by 17.
14
Calculate the remainder when 270 is divided by 79.
33
Calculate the remainder when 100 is divided by 59.
41
Calculate the remainder when 187 is divided by 28.
19
Calculate the remainder when 2216 is divided by 89.
80
Calculate the remainder when 262 is divided by 125.
12
What is the remainder when 1483 is divided by 1479?
4
Calculate the remainder when 458 is divided by 21.
17
Calculate the remainder when 139 is divided by 48.
43
What is the remainder when 232 is divided by 24?
16
What is the remainder when 94 is divided by 32?
30
Calculate the remainder when 172 is divided by 77.
18
Calculate the remainder when 1584 is divided by 23.
20
Calculate the remainder when 144 is divided by 53.
38
What is the remainder when 226 is divided by 49?
30
What is the remainder when 132 is divided by 42?
6
Calculate the remainder when 60 is divided by 25.
10
Calculate the remainder when 6502 is divided by 35.
27
Calculate the remainder when 53 is divided by 17.
2
What is the remainder when 1517 is divided by 8?
5
What is the remainder when 1547 is divided by 18?
17
What is the remainder when 2067 is divided by 1026?
15
What is the remainder when 710 is divided by 198?
116
What is the remainder when 263 is divided by 94?
75
Calculate the remainder when 41 is divided by 16.
9
Calculate the remainder when 4923 is divided by 64.
59
Calculate the remainder when 657 is divided by 22.
19
What is the remainder when 83 is divided by 21?
20
What is the remainder when 241 is divided by 56?
17
Calculate the remainder when 39 is divided by 25.
14
What is the remainder when 415 is divided by 72?
55
What is the remainder when 790 is divided by 61?
58
Calculate the remainder when 47 is divided by 18.
11
Calculate the remainder when 807 is divided by 229.
120
Calculate the remainder when 429 is divided by 24.
21
Calculate the remainder when 313 is divided by 35.
33
What is the remainder when 3550 is divided by 37?
35
Calculate the remainder when 8975 is divided by 17.
16
What is the remainder when 196 is divided by 30?
16
Calculate the remainder when 1091 is divided by 52.
51
What is the remainder when 507 is divided by 86?
77
Calculate the remainder when 12167 is divided by 52.
51
What is the remainder when 11012 is divided by 204?
200
Calculate the remainder when 63 is divided by 22.
19
What is the remainder when 337 is divided by 305?
32
What is the remainder when 113 is divided by 24?
17
Calculate the remainder when 162 is divided by 25.
12
What is the remainder when 466 is divided by 35?
11
Calculate the remainder when 181 is divided by 37.
33
What is the remainder when 289 is divided by 79?
52
Calculate the remainder when 345 is divided by 87.
84
Calculate the remainder when 237 is divided by 129.
108
What is the remainder when 340 is divided by 57?
55
Calculate the remainder when 228 is divided by 22.
8
What is the remainder when 2456 is divided by 123?
119
What is the remainder when 6863 is divided by 8?
7
Calculate the remainder when 530 is divided by 186.
158
What is the remainder when 907 is divided by 74?
19
Calculate the remainder when 110 is divided by 103.
7
What is the remainder when 727 is divided by 320?
87
Calculate the remainder when 257 is divided by 24.
17
What is the remainder when 326 is divided by 238?
88
Calculate the remainder when 149 is divided by 68.
13
What is the remainder when 324 is divided by 27?
0
Calculate the remainder when 734 is divided by 92.
90
What is the remainder when 1317 is divided by 30?
27
What is the remainder when 18596 is divided by 17?
15
Calculate the remainder when 104 is divided by 35.
34
What is the remainder when 4040 is divided by 237?
11
What is the remainder when 797 is divided by 83?
50
Calculate the remainder when 60 is divided by 40.
20
Calculate the remainder when 708 is divided by 8.
4
Calculate the remainder when 2877 is divided by 716.
13
What is the remainder when 481 is divided by 52?
13
Calculate the remainder when 1424 is divided by 710.
4
What is the remainder when 113 is divided by 2?
1
Calculate the remainder when 15498 is divided by 5165.
3
What is the remainder when 201 is divided by 52?
45
What is the remainder when 37 is divided by 24?
13
What is the remainder when 1026 is divided by 91?
25
Calculate the remainder when 462 is divided by 107.
34
Calculate the remainder